55537 prime?
True
Is 57927197 composite?
False
Is 14333159 a prime number?
False
Is 6208729 a prime number?
False
Is 2258447 composite?
False
Is 152003 a prime number?
True
Is 3833627 a composite number?
True
Is 189099619 prime?
False
Is 87173 a composite number?
True
Is 241434709 a composite number?
True
Is 16456801 composite?
False
Is 78326639 composite?
True
Is 896023889 a prime number?
True
Is 66250817 a prime number?
False
Is 679339 a prime number?
False
Is 2826167 a composite number?
False
Is 3548101 a composite number?
False
Is 27629491 composite?
True
Is 41804221 a prime number?
True
Is 99012983 a composite number?
False
Is 2073809 a prime number?
True
Is 111854861 prime?
True
Is 27842983 prime?
False
Is 362281 composite?
False
Is 373088159 a composite number?
False
Is 2181197 a prime number?
False
Is 352474901 composite?
False
Is 437111 composite?
False
Is 566537 a prime number?
True
Is 7489981 composite?
False
Is 1215881 prime?
True
Is 6441101 a prime number?
True
Is 60618367 a prime number?
False
Is 480629561 prime?
True
Is 42172037 composite?
True
Is 4693841 a prime number?
False
Is 135444327 a prime number?
False
Is 37111147 prime?
True
Is 205389431 a composite number?
True
Is 3242537 composite?
True
Is 64811 composite?
False
Is 11521423 prime?
False
Is 19822027 prime?
True
Is 21539887 a prime number?
False
Is 16905439 prime?
True
Is 30274393 a composite number?
False
Is 6345377 composite?
False
Is 28529869 a composite number?
False
Is 41080241 prime?
True
Is 2570847 a composite number?
True
Is 18446002 a prime number?
False
Is 347231753 prime?
False
Is 1836239 composite?
False
Is 8117201 a composite number?
False
Is 51176739 prime?
False
Is 39573581 a prime number?
False
Is 161939237 prime?
False
Is 34316917 prime?
False
Is 23959159 composite?
True
Is 76799246 composite?
True
Is 741457 a composite number?
False
Is 47882105 prime?
False
Is 10500239 a composite number?
True
Is 155339099 a composite number?
False
Is 10392257 composite?
True
Is 250253 composite?
False
Is 18089173 a prime number?
False
Is 434419 a composite number?
True
Is 4570961 composite?
True
Is 13168801 a prime number?
True
Is 12824858 composite?
True
Is 558109 a composite number?
False
Is 7865201 a composite number?
True
Is 92711027 prime?
True
Is 78101969 a prime number?
False
Is 2441789 a composite number?
True
Is 1559273 a composite number?
True
Is 6646769 composite?
False
Is 45071921 a prime number?
False
Is 250598 a composite number?
True
Is 4711379 a composite number?
False
Is 17382461 a prime number?
True
Is 1681973 prime?
True
Is 31727027 a composite number?
False
Is 818887 a prime number?
True
Is 1186489 composite?
False
Is 8975783 composite?
False
Is 786659 composite?
False
Is 17340317 prime?
False
Is 8178769 a composite number?
False
Is 8274611 a prime number?
True
Is 58255415 a composite number?
True
Is 845333 a composite number?
False
Is 180857 prime?
False
Is 61879 prime?
True
Is 27426401 prime?
False
Is 5177033 a composite number?
False
Is 11017039 a composite number?
True
Is 147492443 a prime number?
False
Is 8380849 prime?
False
Is 1401217 a prime number?
True
Is 31082819 composite?
False
Is 35683639 composite?
False
Is 96202493 a composite number?
False
Is 1053709 prime?
False
Is 347560297 prime?
False
Is 5802767 a composite number?
True
Is 1155311 a prime number?
True
Is 224344063 prime?
False
Is 821729 prime?
False
Is 160327747 a prime number?
False
Is 431831 composite?
False
Is 10312823 a prime number?
True
Is 366778 prime?
False
Is 311967713 a composite number?
True
Is 601541 prime?
True
Is 20326097 prime?
False
Is 2171971 composite?
True
Is 172221241 a prime number?
True
Is 7741105 composite?
True
Is 10365367 composite?
False
Is 1105619 prime?
True
Is 6393371 a composite number?
True
Is 1312813 a composite number?
False
Is 388023437 a composite number?
True
Is 26506853 composite?
True
Is 420704789 a prime number?
True
Is 10290785 a prime number?
False
Is 1268723 composite?
True
Is 50949313 composite?
False
Is 44062933 composite?
False
Is 7666547 a composite number?
True
Is 77392321 a composite number?
False
Is 77866669 a prime number?
True
Is 22527221 a composite number?
False
Is 185825911 a prime number?
False
Is 58625319 composite?
True
Is 8840787 a prime number?
False
Is 7159421 prime?
True
Is 182995 prime?
False
Is 991381 a prime number?
True
Is 321415543 prime?
True
Is 13675109 prime?
False
Is 37815811 a composite number?
True
Is 537319789 prime?
False
Is 69053599 a prime number?
False
Is 75262529 prime?
True
Is 701848919 composite?
True
Is 2259301 composite?
True
Is 3625117 composite?
True
Is 7354163 prime?
True
Is 651949 a composite number?
True
Is 5413591 a prime number?
True
Is 7191343 prime?
True
Is 179320331 a prime number?
False
Is 241753157 prime?
False
Is 127445683 prime?
False
Is 29749133 a composite number?
True
Is 133536857 a prime number?
True
Is 626813 composite?
True
Is 403094011 prime?
False
Is 136480339 prime?
False
Is 538199 a composite number?
False
Is 74400493 a prime number?
True
Is 1581677 a composite number?
True
Is 71321797 prime?
True
Is 71916629 a prime number?
True
Is 7087829 composite?
True
Is 23589569 a prime number?
True
Is 19734053 prime?
False
Is 21815639 a composite number?
False
Is 606943 composite?
False
Is 148151963 composite?
True
Is 27056201 a prime number?
False
Is 367002509 prime?
True
Is 22223557 prime?
True
Is 265645 a composite number?
True
Is 400639 a composite number?
True
Is 4435661 prime?
True
Is 10234299 composite?
True
Is 23016061 a prime number?
True
Is 13858297 a composite number?
False
Is 44798683 prime?
False
Is 94505239 a prime number?
False
Is 36044383 a composite number?
False
Is 14311777 prime?
True
Is 120216601 composite?
True
Is 11722913 prime?
False
Is 1394737 a prime number?
True
Is 2143667 a prime number?
True
Is 6681659 prime?
False
Is 353861 a composite number?
True
Is 101761217 a composite number?
False
Is 1813517 a prime number?
True
Is 65713 a composite number?
False
Is 422755 prime?
False
Is 418699319 composite?
False
Is 334142261 a prime number?
True
Is 10426601 a prime number?
True
Is 2360071 prime?
False
Is 695467 a prime number?
True
Is 7972351 prime?
True
Is 9626077 prime?
True
Is 22582099 a prime number?
False
Is 68767111 a prime number?
False
Is 29391647 a composite number?
False
Is 27269629 composite?
True
Is 3281483 prime?
True
Is 2860159 a prime number?
False
Is 33627101 composite?
True
Is 32417977 a composite number?
False
Is 310635667 composite?
False
Is 33282701 prime?
True
Is 558839 composite?
True
Is 315589 composite?
False
Is 3136201 composite?
False
Is 108844322 a prime number?
False
Is 29924639 prime?
False
Is 11980057 a prime number?
True
Is 9015533 a composite number?
False
Is 62005693 prime?
True
Is 563221 prime?
False
Is 99421561 a composite number?
False
Is 29447347 composite?
False
Is 389069 prime?
False
Is 24923243 a prime number?
True
Is 328661719 prime?
True
Is 520279 a composite number?
False
Is 22572949 composite?
True
Is 1374341 prime?
True
Is 565129 composite?
True
Is 3385289 composite?
True
Is 256862561 a prime number?
True
Is 157229519 a composite number?
False
Is 40797559 prime?
False
Is 6970261 a composite number?
True
Is 7778431 a composite number?
False
Is 231874619 a prime number?
False
Is 13173449 a composite number?
False
Is 94375702 a composite number?
True
Is 815545 prime?
False
Is 11423537 a composite number?
False
Is 731791 composite?
True
Is 20599603 prime?
True
Is 3264887 prime?
True
Is 46251581 prime?
True
Is 28685867 a prime number?
False
Is 311099 composite?
False
Is 271747589 prime?
False
Is 18953581 prime?
True
Is 4196747 a prime number?
True
Is 61554221 prime?
False
Is 147188723 a composite number?
True
Is 8148277 composite?
False
Is 55135979 a composite number?
False
Is 11214583 a composite number?
True
Is 428067139 prime?
False
Is 2561423 composite?
False
Is 18612473 a composite number?
True
Is 297782 a prime number?
False
Is 73961 composite?
False
Is 31302847 a composite number?
False
Is 4180457 a composite number?
True
Is 42083663 a composite number?
False
Is 119251933 a prime number?
True
Is 5544607 composite?
False
Is 673169 a composite number?
True
Is 9510227 composite?
False
Is 2114191 prime?
True
Is 114